{"id":68,"date":"2019-03-05T14:22:04","date_gmt":"2019-03-05T13:22:04","guid":{"rendered":"http:\/\/www.cfa-colmar.com\/?page_id=68"},"modified":"2026-04-13T09:37:09","modified_gmt":"2026-04-13T07:37:09","slug":"contact","status":"publish","type":"page","link":"https:\/\/www.cfa-colmar.com\/index.php\/contact\/","title":{"rendered":"Contacts"},"content":{"rendered":"\t\t<div data-elementor-type=\"wp-page\" data-elementor-id=\"68\" class=\"elementor elementor-68\" data-elementor-settings=\"[]\">\n\t\t\t\t\t\t\t<div class=\"elementor-section-wrap\">\n\t\t\t\t\t\t\t<section class=\"elementor-section elementor-top-section elementor-element elementor-element-4dfc36bf elementor-section-boxed elementor-section-height-default elementor-section-height-default\" data-id=\"4dfc36bf\" data-element_type=\"section\">\n\t\t\t\t\t\t<div class=\"elementor-container elementor-column-gap-default\">\n\t\t\t\t\t<div class=\"elementor-column elementor-col-100 elementor-top-column elementor-element elementor-element-12d414b0\" data-id=\"12d414b0\" data-element_type=\"column\">\n\t\t\t<div class=\"elementor-widget-wrap elementor-element-populated\">\n\t\t\t\t\t\t\t\t<div class=\"elementor-element elementor-element-6287fecf elementor-widget elementor-widget-text-editor\" data-id=\"6287fecf\" data-element_type=\"widget\" data-widget_type=\"text-editor.default\">\n\t\t\t\t<div class=\"elementor-widget-container\">\n\t\t\t<style>\/*! elementor - v3.5.6 - 28-02-2022 *\/\n.elementor-widget-text-editor.elementor-drop-cap-view-stacked .elementor-drop-cap{background-color:#818a91;color:#fff}.elementor-widget-text-editor.elementor-drop-cap-view-framed .elementor-drop-cap{color:#818a91;border:3px solid;background-color:transparent}.elementor-widget-text-editor:not(.elementor-drop-cap-view-default) .elementor-drop-cap{margin-top:8px}.elementor-widget-text-editor:not(.elementor-drop-cap-view-default) .elementor-drop-cap-letter{width:1em;height:1em}.elementor-widget-text-editor .elementor-drop-cap{float:left;text-align:center;line-height:1;font-size:50px}.elementor-widget-text-editor .elementor-drop-cap-letter{display:inline-block}<\/style>\t\t\t\t<p>courriel : <a href=\"mailto:contact@cfa-colmar.com\">contact@cfa-colmar.com<\/a><\/p>\n<p><!-- \/wp:paragraph --><!-- wp:paragraph --><\/p>\n<p>T\u00e9l\u00e9phone : 03.89.21.57.40<\/p>\n<p><!-- \/wp:paragraph --><!-- wp:paragraph --><\/p>\n<p>\u00a0<\/p>\n<p><!-- \/wp:separator --><!-- wp:paragraph --><\/p>\n<p>L&rsquo;\u00e9quipe administrative \u00e0 votre service :<\/p>\n<p><!-- \/wp:paragraph --><!-- wp:buttons --><\/p>\n<div class=\"wp-block-buttons\">\n<p><!-- wp:button {\"style\":{\"typography\":{\"fontSize\":\"14px\"}},\"className\":\"is-style-outline\"} --><\/p>\n<div class=\"wp-block-button has-custom-font-size is-style-outline\" style=\"font-size: 14px;\"><a class=\"wp-block-button__link\" href=\"mailto:directeur@cfa-colmar.com\" target=\"_blank\" rel=\"noreferrer noopener\">Directeur : <strong>Claude NIERENGARTEN<\/strong><\/a><\/div>\n<p><!-- \/wp:button --><\/p>\n<\/div>\n<p><!-- \/wp:buttons --><!-- wp:buttons --><\/p>\n<div class=\"wp-block-buttons\">\n<p><!-- wp:button {\"style\":{\"typography\":{\"fontSize\":\"14px\"}},\"className\":\"is-style-outline\"} --><\/p>\n<div class=\"wp-block-button has-custom-font-size is-style-outline\" style=\"font-size: 14px;\"><a class=\"wp-block-button__link\" href=\"mailto:referent.qualite@cfa-colmar.com\" target=\"_blank\" rel=\"noreferrer noopener\"> R\u00e9f\u00e9rent Qualit\u00e9 : <strong>Mickael KOLLROS<\/strong><\/a><\/div>\n<p><!-- \/wp:button --><\/p>\n<\/div>\n<p><!-- \/wp:buttons --><!-- wp:buttons --><\/p>\n<div class=\"wp-block-buttons\">\n<div class=\"wp-block-button has-custom-font-size is-style-outline\" style=\"font-size: 14px;\"><a class=\"wp-block-button__link\" href=\"mailto:administrateur@cfa-colmar.com\">Coordonnateur Administratif : <strong>Thomas ROY<\/strong><\/a><\/div>\n<\/div>\n<div>\u00a0<\/div>\n<div>\n<div class=\"wp-block-buttons\">\n<div class=\"wp-block-button has-custom-font-size is-style-outline\" style=\"font-size: 14px;\"><a class=\"wp-block-button__link\" href=\"mailto:pedagogie@cfa-colmar.com\">Coordonnateur P\u00e9dagogique : <strong>Olivier KUFFER<\/strong><\/a><\/div>\n<\/div>\n<\/div>\n<p><!-- \/wp:buttons --><!-- wp:buttons --><\/p>\n<div class=\"wp-block-buttons\">\n<p><!-- wp:button {\"style\":{\"typography\":{\"fontSize\":\"14px\"}},\"className\":\"is-style-outline\"} --><\/p>\n<div class=\"wp-block-button has-custom-font-size is-style-outline\" style=\"font-size: 14px;\"><a class=\"wp-block-button__link\" href=\"mailto:contrat@cfa-colmar.com\" target=\"_blank\" rel=\"noreferrer noopener\">Ressources Humaines et Contrat d&rsquo;Apprentissage : <strong>Nicolas GRIESBAUM<\/strong><\/a><\/div>\n<\/div>\n<div class=\"wp-block-buttons\">\n<p><!-- \/wp:button --><\/p>\n<\/div>\n<p><!-- \/wp:buttons --><!-- wp:buttons --><\/p>\n<div class=\"wp-block-buttons\">\n<p><!-- wp:button {\"style\":{\"typography\":{\"fontSize\":\"14px\"}},\"className\":\"is-style-outline\"} --><\/p>\n<div class=\"wp-block-button has-custom-font-size is-style-outline\" style=\"font-size: 14px;\"><a class=\"wp-block-button__link\" href=\"mailto:compta@cfa-colmar.com\" target=\"_blank\" rel=\"noreferrer noopener\">Comptabilit\u00e9 : <strong>Mathieu WOLFER<\/strong><\/a><\/div>\n<p><!-- \/wp:button --><\/p>\n<\/div>\n<p><!-- \/wp:buttons --><!-- wp:buttons --><\/p>\n<div class=\"wp-block-buttons\">\n<p><!-- wp:button {\"style\":{\"typography\":{\"fontSize\":\"14px\"}},\"className\":\"is-style-outline\"} --><\/p>\n<div class=\"wp-block-button has-custom-font-size is-style-outline\" style=\"font-size: 14px;\"><a class=\"wp-block-button__link\" href=\"mailto:secretariat@cfa-colmar.com\" target=\"_blank\" rel=\"noreferrer noopener\">Secr\u00e9tariat : <strong>Sophie EDEL<\/strong><\/a><\/div>\n<p><!-- \/wp:button --><\/p>\n<\/div>\n<p><!-- \/wp:buttons --><!-- wp:buttons --><\/p>\n<div class=\"wp-block-buttons\">\n<p><!-- wp:button {\"style\":{\"typography\":{\"fontSize\":\"14px\"}},\"className\":\"is-style-outline\"} --><\/p>\n<div class=\"wp-block-button has-custom-font-size is-style-outline\" style=\"font-size: 14px;\"><a class=\"wp-block-button__link\" href=\"mailto:ve@cfa-colmar.com\" target=\"_blank\" rel=\"noreferrer noopener\"> Charg\u00e9s de Mission Educative : <strong>M\u00e9lina SCHNEIDER WEHBE et Valentin LAVAUX<\/strong><\/a><\/div>\n<p><!-- \/wp:button --><\/p>\n<\/div>\n<p><!-- \/wp:buttons --><!-- wp:buttons {\"layout\":{\"type\":\"flex\",\"orientation\":\"vertical\",\"justifyContent\":\"left\"}} --><\/p>\n<div class=\"wp-block-buttons\">\n<p><!-- wp:button {\"style\":{\"typography\":{\"fontSize\":\"14px\"}},\"className\":\"is-style-outline\"} --><\/p>\n<div class=\"wp-block-button has-custom-font-size is-style-outline\" style=\"font-size: 14px;\"><a class=\"wp-block-button__link\" href=\"mailto:developpeur@cfa-colmar.com\" target=\"_blank\" rel=\"noreferrer noopener\"> Responsable des Relations Jeunes \/ Entreprises : <strong>Rodolphe BIRLING <\/strong><\/a><\/div>\n<p><!-- \/wp:button --><\/p>\n<\/div>\n<p><!-- \/wp:buttons --><!-- wp:buttons --><\/p>\n<div class=\"wp-block-buttons\">\n<div class=\"wp-block-button has-custom-font-size is-style-outline\" style=\"font-size: 14px;\"><a class=\"wp-block-button__link\" href=\"mailto:m.langrognet@cfa-colmar.com\"> Responsable des Troubles de l&rsquo;Apprentissage et du Handicap : <strong>Myriam LANGROGNET<\/strong><\/a><\/div>\n<p><!-- \/wp:button --><\/p>\n<\/div>\n<p class=\"wp-block-buttons\"><!-- wp:button \/--><\/p>\n<p><!-- \/wp:buttons --><!-- wp:paragraph --><\/p>\n<p>\u00a0<\/p>\n<p><strong><em>En faisant un clic droit sur le bouton, vous avez la possibilit\u00e9 de copier l&rsquo;adresse Mail<\/em><\/strong><\/p>\n<p><!-- \/wp:paragraph --><!-- wp:spacer {\"height\":\"68px\"} --><\/p>\n<div aria-hidden=\"true\">\n<h2><strong><span style=\"font-size: 16px;\">Formulaire de contact :\u00a0<\/span><\/strong><\/h2>\n<p><strong>Le CFA sera ferm\u00e9 du 20 au 24 avril inclus, pour quelques jours de repos. Reprise le lundi 27 avril 2026.<\/strong><\/p>\n<\/div>\n<p><!-- \/wp:heading --><!-- wp:forminator\/forms {\"module_id\":\"1052\"} --><\/p>\n<div class=\"forminator-guttenberg\"><div class=\"forminator-ui forminator-custom-form forminator-custom-form-1052 forminator-design--default  forminator_ajax\" data-forminator-render=\"0\" data-form=\"forminator-module-1052\"><br\/><\/div><form\n\t\t\t\tid=\"forminator-module-1052\"\n\t\t\t\tclass=\"forminator-ui forminator-custom-form forminator-custom-form-1052 forminator-design--default  forminator_ajax\"\n\t\t\t\tmethod=\"post\"\n\t\t\t\tdata-forminator-render=\"0\"\n\t\t\t\tdata-form-id=\"1052\"\n\t\t\t\t\n\t\t\t\tdata-design=\"default\"\n\t\t\t\t\n\t\t\t\t\n\t\t\t\t\n\t\t\t\tdata-grid=\"open\"\n\t\t\t\t\n\t\t\t\t\n\t\t\t\tstyle=\"display: none;\"\n\t\t\t><div class=\"forminator-response-message forminator-error\" aria-hidden=\"true\"><\/div><div class=\"forminator-row\"><div id=\"name-1\" class=\"forminator-col forminator-col-12 \"><div class=\"forminator-field\"><label for=\"forminator-field-name-1\" class=\"forminator-label\">Nom et Pr\u00e9nom <span class=\"forminator-required\">*<\/span><\/label><input type=\"text\" name=\"name-1\" value=\"\" placeholder=\"Par exemple\u00a0: Marcel Rudloff\" id=\"forminator-field-name-1\" class=\"forminator-input forminator-name--field\" aria-required=\"true\" \/><\/div><\/div><\/div><div class=\"forminator-row\"><div id=\"checkbox-1\" class=\"forminator-col forminator-col-12 \"><div role=\"group\" class=\"forminator-field\" aria-labelledby=\"forminator-checkbox-group-69e58e6c87ddf-label\"><h4 id=\"forminator-checkbox-group-69e58e6c87ddf-label\" class=\"forminator-label\">Vous \u00eates &#8230; <span class=\"forminator-required\">*<\/span><\/h4><label for=\"forminator-field-checkbox-1-1-69e58e6c87ddf\" class=\"forminator-checkbox forminator-checkbox-inline\" title=\"Apprenti (ou parent)\"><input type=\"checkbox\" name=\"checkbox-1[]\" value=\"apprenti-ou-parent\" id=\"forminator-field-checkbox-1-1-69e58e6c87ddf\" data-calculation=\"0\" checked=\"checked\" \/><span class=\"forminator-checkbox-box\" aria-hidden=\"true\"><\/span><span class=\"forminator-checkbox-label\">Apprenti (ou parent)<\/span><\/label><label for=\"forminator-field-checkbox-1-2-69e58e6c87ddf\" class=\"forminator-checkbox forminator-checkbox-inline\" title=\"Candidat (ou parent)\"><input type=\"checkbox\" name=\"checkbox-1[]\" value=\"candidat-ou-parent\" id=\"forminator-field-checkbox-1-2-69e58e6c87ddf\" data-calculation=\"0\" checked=\"checked\" \/><span class=\"forminator-checkbox-box\" aria-hidden=\"true\"><\/span><span class=\"forminator-checkbox-label\">Candidat (ou parent)<\/span><\/label><label for=\"forminator-field-checkbox-1-3-69e58e6c87ddf\" class=\"forminator-checkbox forminator-checkbox-inline\" title=\"Ma\u00eetre d&#039;apprentissage\"><input type=\"checkbox\" name=\"checkbox-1[]\" value=\"ma\u00eetre-dapprentissage\" id=\"forminator-field-checkbox-1-3-69e58e6c87ddf\" data-calculation=\"0\" checked=\"checked\" \/><span class=\"forminator-checkbox-box\" aria-hidden=\"true\"><\/span><span class=\"forminator-checkbox-label\">Ma\u00eetre d&rsquo;apprentissage<\/span><\/label><\/div><\/div><\/div><div class=\"forminator-row\"><div id=\"email-1\" class=\"forminator-col forminator-col-12 \"><div class=\"forminator-field\"><label for=\"forminator-field-email-1\" class=\"forminator-label\">Adresse de messagerie (email) <span class=\"forminator-required\">*<\/span><\/label><input type=\"email\" name=\"email-1\" value=\"\" placeholder=\"Par exemple\u00a0: jacques@martin.com\" id=\"forminator-field-email-1\" class=\"forminator-input forminator-email--field\" data-required=\"true\" aria-required=\"true\" \/><\/div><\/div><\/div><div class=\"forminator-row\"><div id=\"phone-1\" class=\"forminator-col forminator-col-12 \"><div class=\"forminator-field\"><label for=\"forminator-field-phone-1\" class=\"forminator-label\">Num\u00e9ro de t\u00e9l\u00e9phone<\/label><input type=\"text\" name=\"phone-1\" value=\"\" placeholder=\"Par exemple\u00a0: + 33 6 68 68 68 68\" id=\"forminator-field-phone-1\" class=\"forminator-input forminator-field--phone\" data-required=\"\" aria-required=\"false\" autocomplete=\"off\" \/><\/div><\/div><\/div><div class=\"forminator-row\"><div id=\"textarea-1\" class=\"forminator-col forminator-col-12 \"><div class=\"forminator-field\"><label for=\"forminator-field-textarea-1\" class=\"forminator-label\">En quoi pouvons-nous vous aider ?<\/label><textarea name=\"textarea-1\" placeholder=\"Saisissez votre message\u2026\" id=\"forminator-field-textarea-1\" class=\"forminator-textarea\" rows=\"6\" style=\"min-height:140px;\" maxlength=\"180\" ><\/textarea><span class=\"forminator-description\"><span data-limit=\"180\" data-type=\"characters\">0 \/ 180<\/span><\/span><\/div><\/div><\/div><div class=\"forminator-row\"><div id=\"captcha-1\" class=\"forminator-col forminator-col-12 \"><div class=\"forminator-g-recaptcha recaptcha-invisible\" data-theme=\"light\" data-badge=\"bottomright\" data-sitekey=\"6Lc5QaweAAAAANGVsUeT68lDCGgQb13zAo2dff8E\" data-size=\"invisible\"><\/div> <\/div><\/div><input type=\"hidden\" name=\"referer_url\" value=\"\" \/><div class=\"forminator-row forminator-row-last\"><div class=\"forminator-col\"><div class=\"forminator-field\"><button class=\"forminator-button forminator-button-submit\">Envoyer le message<\/button><\/div><\/div><\/div><input type=\"hidden\" id=\"forminator_nonce\" name=\"forminator_nonce\" value=\"82ff7ee0bf\" \/><input type=\"hidden\" name=\"_wp_http_referer\" value=\"\/index.php\/wp-json\/wp\/v2\/pages\/68\" \/><input type=\"hidden\" name=\"form_id\" value=\"1052\"><input type=\"hidden\" name=\"page_id\" value=\"68\"><input type=\"hidden\" name=\"form_type\" value=\"default\"><input type=\"hidden\" name=\"current_url\" value=\"https:\/\/www.cfa-colmar.com\/wp-json\/wp\/v2\/pages\/68\/\"><input type=\"hidden\" name=\"render_id\" value=\"0\"><input type=\"hidden\" name=\"action\" value=\"forminator_submit_form_custom-forms\"><\/form><\/div>\n<p><!-- \/wp:forminator\/forms --><\/p>\t\t\t\t\t\t<\/div>\n\t\t\t\t<\/div>\n\t\t\t\t\t<\/div>\n\t\t<\/div>\n\t\t\t\t\t\t\t<\/div>\n\t\t<\/section>\n\t\t\t\t\t\t<\/div>\n\t\t\t\t\t<\/div>\n\t\t","protected":false},"excerpt":{"rendered":"<p>courriel : contact@cfa-colmar.com T\u00e9l\u00e9phone : 03.89.21.57.40 \u00a0 L&rsquo;\u00e9quipe administrative \u00e0 votre service : Directeur : Claude NIERENGARTEN R\u00e9f\u00e9rent Qualit\u00e9 : Mickael KOLLROS Coordonnateur Administratif : Thomas ROY \u00a0 Coordonnateur P\u00e9dagogique : Olivier KUFFER Ressources Humaines et Contrat d&rsquo;Apprentissage : Nicolas<\/p>\n","protected":false},"author":1,"featured_media":0,"parent":0,"menu_order":0,"comment_status":"closed","ping_status":"closed","template":"page-templates\/page-builder.php","meta":{"footnotes":""},"class_list":["post-68","page","type-page","status-publish","hentry"],"_links":{"self":[{"href":"https:\/\/www.cfa-colmar.com\/index.php\/wp-json\/wp\/v2\/pages\/68","targetHints":{"allow":["GET"]}}],"collection":[{"href":"https:\/\/www.cfa-colmar.com\/index.php\/wp-json\/wp\/v2\/pages"}],"about":[{"href":"https:\/\/www.cfa-colmar.com\/index.php\/wp-json\/wp\/v2\/types\/page"}],"author":[{"embeddable":true,"href":"https:\/\/www.cfa-colmar.com\/index.php\/wp-json\/wp\/v2\/users\/1"}],"replies":[{"embeddable":true,"href":"https:\/\/www.cfa-colmar.com\/index.php\/wp-json\/wp\/v2\/comments?post=68"}],"version-history":[{"count":132,"href":"https:\/\/www.cfa-colmar.com\/index.php\/wp-json\/wp\/v2\/pages\/68\/revisions"}],"predecessor-version":[{"id":6769,"href":"https:\/\/www.cfa-colmar.com\/index.php\/wp-json\/wp\/v2\/pages\/68\/revisions\/6769"}],"wp:attachment":[{"href":"https:\/\/www.cfa-colmar.com\/index.php\/wp-json\/wp\/v2\/media?parent=68"}],"curies":[{"name":"wp","href":"https:\/\/api.w.org\/{rel}","templated":true}]}}